.
45
Suppose -3*a = -3*r - 5*a + 88, 5*r + 4*a - 148 = 0. What is the greatest common divisor of 98 and r?
14
Suppose -691 - 2793 = -4*k. Calculate the highest common factor of 13 and k.
13
Suppose y = 4*y + 4*r - 2012, -y + 4*r = -676. Suppose -7*h = -3*h - y. What is the greatest common factor of h and 24?
24
Suppose 0 = -4*y - 3 + 11. Suppose -1620*o + 1610*o + 80 = 0. Calculate the greatest common factor of y and o.
2
Let o(k) be the second derivative of 2*k**3 - 3*k**2/2 + 3*k. Let m be o(3). Suppose -p - 7 = -m. What is the highest common factor of p and 208?
26
Let h be 1/8 + 601028/992. What is the highest common divisor of h and 18?
6
Suppose o = -4*t + 243, 3*o - 2*t - 771 = -0*o. Suppose -3*w - 1 = -13. Suppose g + w*g - o = 0. What is the greatest common factor of 34 and g?
17
Let s be 828 + -14 + 0/(2 + -5). Calculate the highest common divisor of s and 66.
22
Let a(l) = l + 6. Let j be a(-3). Let d be 9/(-6)*6/(-3). Suppose i - 5*c - 62 = 78, -j*i + 510 = d*c. Calculate the highest common factor of i and 66.
33
Let l be 3 - (0 - 94/2). Suppose 5*t = o + 151, 184 = 4*t + o + 65. Calculate the highest common divisor of t and l.
10
Let q(j) = -j**3 + 27*j**2 + 13*j + 174. Let d be q(26). Calculate the greatest common factor of d and 81.
27
Let w = 14 + -9. Suppose 8*g + v = 4*g + 5, -5*v + 3 = -2*g. Suppose 2*d + d - 4*c - 7 = 0, c = -2*d + g. What is the greatest common divisor of d and w?
1
Let l(a) = a - 9. Let v be l(-4). Let h(s) = -s**2 - 16*s - 23. Let y be h(v). Calculate the highest common divisor of 48 and y.
16
Suppose -7*s = -4*s + 9, -4*s + 96 = 2*p. Calculate the highest common divisor of p and 12.
6
Suppose -2*g - a + 445 = 0, 0 = -4*g + 9*a - 7*a + 902. What is the highest common divisor of g and 84?
28
Let n(p) = -p**2 - 6*p + 10. Let q be n(-7). Calculate the highest common divisor of 4 and q.
1
Let m be 102/4*8/6. Let c be (132/18)/((-2)/(-36)). Let l = c - m. Calculate the highest common factor of 14 and l.
14
Let x be ((-51)/(-17) + -1)/((-2)/(-208)). Calculate the greatest common divisor of 16 and x.
16
Let x = 111 - 95. Calculate the highest common divisor of x and 16.
16
Suppose -o = -6*o - 5*c + 190, 5*o - 3*c - 214 = 0. Let i = o + -29. What is the greatest common factor of i and 96?
12
Let c be (-54)/(-5 + 2) + 0. Suppose -10 = -2*u, -117 = -4*p - 0*p + 3*u. Let o be 4/22 - (-390)/p. What is the highest common factor of c and o?
6
Let q be (6/9*1)/(5/45). Suppose 10*t - q*t = 116. Let f = 92 - 34. What is the highest common divisor of f and t?
29
Let g(z) = z - 7. Let j be g(11). Suppose -j*a = -265 - 35. What is the greatest common factor of a and 15?
15
Let o be 24 + -9 + 15 + 4. Let p(j) = j**2 + 3*j - 2. Let a be p(-4). Calculate the highest common factor of o and a.
2
Suppose 2*p - 59 = 31. Suppose p = x - 0*x + v, v = -4*x + 171. Calculate the greatest common divisor of 6 and x.
6
Let r = -199 + 298. What is the greatest common factor of r and 11?
11
Let q(w) be the second derivative of w**4/6 - 5*w**3/3 - 11*w. Let u be q(8). Let b be 27/(-6)*u/(-9). Calculate the greatest common divisor of b and 216.
24
Let i = 14 - -24. Let c be (2*437/(-23))/(1/(-5)). Calculate the highest common factor of c and i.
38
Let n be (-7)/(-21) - (-4403)/21. What is the highest common divisor of 14 and n?
14
Let w be (0 - -1) + 145/(-5). Let z be 1/((10 - 11)/(-2 + -1)). Let n be w/7 + z*6. What is the highest common factor of n and 35?
7
Let s = -89 + 91. Suppose 0*l - s*l = -64. What is the greatest common factor of 2 and l?
2
Let k be (9 + -12)/(2/(-36)). Let f = -35 + 53. Calculate the greatest common divisor of k and f.
18
Let w(d) = d**3 + 12*d**2 - 13*d + 11. Suppose -1 + 13 = 2*y. Suppose 97 - y = -7*j. Let r be w(j). Calculate the greatest common divisor of 121 and r.
11
Suppose 3*g + 0 = 12. Suppose 0*o + 114 = w - o, -2*w + 228 = -g*o. Calculate the greatest common factor of w and 6.
6
Let c(z) = -2*z**2 - 32*z - 116. Let a be c(-10). What is the greatest common divisor of 76 and a?
4
Let w(a) = -6*a - 6. Let g be w(-4). Let v be (-17)/((-68)/264) - -6. What is the highest common factor of g and v?
18
Let v be (4664/(-66))/(2/(-3)). Suppose -10*c = -1006 + v. What is the highest common factor of c and 10?
10
Let b be 84 - (0 - -2)/(-2). Calculate the highest common divisor of 10 and b.
5
Let z(t) = -3*t**2 - 24*t - 2*t**3 + 3*t**3 - 20*t**2 + 34. Let p be z(24). What is the greatest common divisor of p and 136?
34
Let a be (-8)/(-16)*0 + 56. Calculate the highest common factor of 7 and a.
7
Suppose 2*h = 9 + 1. Suppose 2*n = 3*i - h, 6 = 3*n - 0. Suppose y = 4*g + 105, -9 - 306 = -i*y - 4*g. Calculate the greatest common factor of y and 15.
15
Let h(k) = k**3 - 3*k**2 - 7*k - 14. Let w be h(5). Let d be (-9)/(-3)*(32/12)/w. Calculate the highest common divisor of 10 and d.
2
Let m be (-238)/(-51)*(18 - 3). Calculate the greatest common factor of 140 and m.
70
Let j be 1 - 2 - (-20)/4. Suppose -4*s + 4*d = -72, -j*s - d + 51 = -1. Suppose -3*l + s = -10. What is the greatest common factor of 4 and l?
4
Suppose -3*p + p = 2*p. Suppose p = -5*x + x + 28. What is the greatest common factor of x and 7?
7
Suppose -17160 = 247*k - 307*k. Calculate the highest common divisor of 22 and k.
22
Let g be (1*12/20)/(2/10). Suppose -4*x + 429 = -g*x. What is the highest common factor of x and 39?
39
Let o = -649 - -691. What is the highest common divisor of o and 273?
21
Let q = 513 - 458. What is the highest common divisor of q and 242?
11
Let z = 83 + -62. What is the greatest common factor of z and 49?
7
Let i = -30 + 43. Suppose -16*a + i*a = 0. Suppose -p = 5*t - 6*p + 15, 5*t - 2*p = a. Calculate the greatest common factor of t and 1.
1
Let i(f) = -f**2 + 25*f - 76. Let g be i(21). What is the greatest common factor of g and 128?
8
Let c be (69/(-75) - (-4)/(-50))*-1045. Calculate the highest common divisor of 110 and c.
55
Suppose -d = -4*q + 6, 3*d + 4*q = 7*q. What is the highest common factor of d and 284?
2
Let w(i) = -i. Let o be w(-14). Let s(f) = f**2 + 5*f + 4. Let y be s(o). Calculate the greatest common divisor of y and 30.
30
Let v = -585 - -655. Suppose p + p - 58 = -4*i, -2*p = -2. Calculate the greatest common divisor of i and v.
14
Let o be (-4)/14 + 153/21. Suppose -t + 9 = -2*x, 0 = 2*x - o*x - 20. What is the highest common factor of t and 1?
1
Suppose -738*g + 748*g = 660. What is the greatest common factor of g and 48?
6
Suppose -10 = -3*i - 3*r + r, -2*i = -5*r + 6. Let d = 93 + -52. Suppose 0 = -4*m - 9 + d. Calculate the highest common factor of i and m.
2
Suppose j - 16 = d, -j + 10 = -d + 3*d. Let s(n) = -5*n - 6. Let b be s(-4). What is the greatest common divisor of j and b?
14
Let h(m) = -m**2 - 7*m - 1. Suppose 3*g - 37 + 49 = 0. Let u be h(g). What is the greatest common factor of 1 and u?
1
Let i be -375*(22/6 + -4). Calculate the highest common factor of i and 50.
25
Suppose 4*i - 351 - 1809 = 0. Calculate the highest common factor of 20 and i.
20
Let w = 928 + -223. Calculate the highest common divisor of w and 141.
141
Suppose -2*b - 5*u - 3518 = -9*b, 0 = 4*b - u - 2014. What is the highest common divisor of 18 and b?
18
Let v be (2/(-5))/(-2*(-2)/(-20)). Suppose -3*j - 70 = -8*j. Let l = v + j. What is the highest common factor of l and 40?
8
Let j(u) = -4*u - 12. Let g be j(10). Let c = -36 - g. Let y be (-4)/c + 759/12. Calculate the highest common factor of 21 and y.
21
Let h be -3*(-3)/(-9) + -467. Let p be (-10)/3*h/65. What is the greatest common factor of 3 and p?
3
Let k(f) = -96*f - 10. Let w be k(-1). Suppose 79*o + 315 = w*o. What is the highest common factor of o and 405?
45
Let g be 138/10 - (-32)/(-40). What is the greatest common factor of g and 91?
13
Suppose -2*n + 7*g = 4*g - 2185, 4*g + 1105 = n. What is the greatest common factor of 35 and n?
35
Let s(f) = -31*f + 1. Let c be s(-3). Calculate the greatest common factor of c and 235.
47
Let b be 7/((-7)/5) - 1. Let x be (3/b)/(7/(-350)). Calculate the highest common divisor of x and 25.
25
Let z = -812 + 887. What is the greatest common divisor of 30 and z?
15
Let u(w) = 10*w**2 + 57*w + 181. Let b be u(-3). What is the greatest common divisor of b and 450?
50
Let w be -6 - (-141 + 39 - 6/(-1)). Calculate th